{"id":2564,"date":"2025-02-17T12:53:48","date_gmt":"2025-02-17T12:53:48","guid":{"rendered":"https:\/\/sinologija.ffzg.unizg.hr\/?page_id=2564"},"modified":"2025-02-17T13:02:29","modified_gmt":"2025-02-17T13:02:29","slug":"jia-shaoning","status":"publish","type":"page","link":"https:\/\/sinologija.ffzg.unizg.hr\/?page_id=2564","title":{"rendered":"Jia Shaoning"},"content":{"rendered":"\n<p>Jia Shaoning je izvanredna profesorica na Politehni\u010dkom sveu\u010dili\u0161tu u Guangdongu. Ima dva magisterija, jedan iz podu\u010davanja kineskog jezika neizvornim govornicima i drugi iz poslovne administracije. Predavala je kineski jezik i kulturu na Konfucijevom institutu na Sveu\u010dili\u0161tu College Dublin u Irskoj od 2012. do 2015. godine. Autorica je serije ud\u017ebenika i referentnih knjiga, a trenutno radi na rukopisu o me\u0111ukulturnoj komunikaciji.<\/p>\n\n\n\n<figure class=\"wp-block-image size-medium\"><a href=\"https:\/\/sinologija.ffzg.unizg.hr\/wp-content\/uploads\/2025\/02\/WechatIMG285.jpg\"><img loading=\"lazy\" width=\"225\" height=\"300\" src=\"https:\/\/sinologija.ffzg.unizg.hr\/wp-content\/uploads\/2025\/02\/WechatIMG285-225x300.jpg\" alt=\"\" class=\"wp-image-2565\" srcset=\"https:\/\/sinologija.ffzg.unizg.hr\/wp-content\/uploads\/2025\/02\/WechatIMG285-225x300.jpg 225w, https:\/\/sinologija.ffzg.unizg.hr\/wp-content\/uploads\/2025\/02\/WechatIMG285-768x1024.jpg 768w, https:\/\/sinologija.ffzg.unizg.hr\/wp-content\/uploads\/2025\/02\/WechatIMG285-1152x1536.jpg 1152w, https:\/\/sinologija.ffzg.unizg.hr\/wp-content\/uploads\/2025\/02\/WechatIMG285.jpg 1279w\" sizes=\"(max-width: 225px) 100vw, 225px\" \/><\/a><\/figure>\n","protected":false},"excerpt":{"rendered":"<p>Jia Shaoning je izvanredna profesorica na Politehni\u010dkom sveu\u010dili\u0161tu u Guangdongu. Ima dva magisterija, jedan iz podu\u010davanja kineskog jezika neizvornim govornicima i drugi iz poslovne administracije. Predavala je kineski jezik i kulturu na Konfucijevom institutu na Sveu\u010dili\u0161tu College Dublin u Irskoj od 2012. do 2015. godine. Autorica je serije ud\u017ebenika i referentnih knjiga, a trenutno radi &hellip; <a href=\"https:\/\/sinologija.ffzg.unizg.hr\/?page_id=2564\" class=\"more-link\">Continue reading <span class=\"screen-reader-text\">Jia Shaoning<\/span> <span class=\"meta-nav\">&rarr;<\/span><\/a><\/p>\n","protected":false},"author":1,"featured_media":0,"parent":0,"menu_order":0,"comment_status":"closed","ping_status":"closed","template":"","meta":[],"_links":{"self":[{"href":"https:\/\/sinologija.ffzg.unizg.hr\/index.php?rest_route=\/wp\/v2\/pages\/2564"}],"collection":[{"href":"https:\/\/sinologija.ffzg.unizg.hr\/index.php?rest_route=\/wp\/v2\/pages"}],"about":[{"href":"https:\/\/sinologija.ffzg.unizg.hr\/index.php?rest_route=\/wp\/v2\/types\/page"}],"author":[{"embeddable":true,"href":"https:\/\/sinologija.ffzg.unizg.hr\/index.php?rest_route=\/wp\/v2\/users\/1"}],"replies":[{"embeddable":true,"href":"https:\/\/sinologija.ffzg.unizg.hr\/index.php?rest_route=%2Fwp%2Fv2%2Fcomments&post=2564"}],"version-history":[{"count":2,"href":"https:\/\/sinologija.ffzg.unizg.hr\/index.php?rest_route=\/wp\/v2\/pages\/2564\/revisions"}],"predecessor-version":[{"id":2570,"href":"https:\/\/sinologija.ffzg.unizg.hr\/index.php?rest_route=\/wp\/v2\/pages\/2564\/revisions\/2570"}],"wp:attachment":[{"href":"https:\/\/sinologija.ffzg.unizg.hr\/index.php?rest_route=%2Fwp%2Fv2%2Fmedia&parent=2564"}],"curies":[{"name":"wp","href":"https:\/\/api.w.org\/{rel}","templated":true}]}}