{"id":1617,"date":"2024-03-02T10:36:05","date_gmt":"2024-03-02T10:36:05","guid":{"rendered":"https:\/\/sinologija.ffzg.unizg.hr\/?page_id=1617"},"modified":"2025-10-01T15:29:21","modified_gmt":"2025-10-01T15:29:21","slug":"iskustva-studenata","status":"publish","type":"page","link":"https:\/\/sinologija.ffzg.unizg.hr\/?page_id=1617","title":{"rendered":"Iskustva studenata"},"content":{"rendered":"\n<p>Iskustva nekada\u0161njih studenata slobodnog studija sinologije koji je ak. god. 2024.\/2025. postao redovni sveu\u010dili\u0161ni prijediplomski studij sinologije:<\/p>\n\n\n\n<blockquote class=\"wp-block-quote\"><p>&#8220;Odluka o u\u010denju kineskog jezika dogodila se iz pragmati\u010dnih razloga. \u017deljela sam se izdvojiti od ostalih kolega koji \u0107e zajedno sa mnom tra\u017eiti posao nakon diplome. Nasre\u0107u, vrlo brzo sam zavoljela u\u010diti taj jezik i to me odvelo u potpuno nove sfere djelovanja, \u017eivljenja i razmi\u0161ljanja.<\/p><p>Ve\u0107 s najni\u017eom razinom znanja, u nekim sam trenucima po\u010dela razmi\u0161ljati kao Kinezi! Jer neke je situacije jednostavno lak\u0161e opisati na tom jeziku. Najljep\u0161e od svega je biti u mogu\u0107nosti \u010ditati kineske znakove, razumjeti ih i prije nego ih nau\u010dite. Intuitivno po\u017eelite izgovoriti znak na odre\u0111eni na\u010din i sretni ste kada shvatite da ste u pravu. Sretni i \u6ee1\u610f!&#8221;<\/p><cite>Marija opa\u010dak eror<\/cite><\/blockquote>\n\n\n\n<p><\/p>\n\n\n\n<blockquote class=\"wp-block-quote\"><p>&#8220;Kineski mi nije prvi jezik koji u\u010dim, ali sam njime jednostavno o\u010darana. Od pisma do izgovora, sve je zanimljivo i izazovno. Iz pragmati\u010dnog kuta i njegove upotrebe, danas postoji mnogo prilika za primjenu kineskog, i to na razli\u010ditim razinama poznavanja jezika. A i program studija i nastavnici su tako\u0111er odli\u010dni. Zato ne odustajem!&#8221;<\/p><cite>Asja SMailagi\u0107 miranov<\/cite><\/blockquote>\n\n\n\n<p><\/p>\n\n\n\n<blockquote class=\"wp-block-quote\"><p>&#8220;Upis na slobodni studij sinologije bio mi je jedan od boljih \u017eivotnih poteza. Iz udobnosti \u0161kolskih klupa, u ve\u010dernjim satima, putovalo se u daleke azijske krajeve kroz jezik, filmove, glazbu&#8230; s motiviranim kineskim i doma\u0107im profesorima. S kolegama i kineskom profesoricom osmislili smo i izveli predstavu Put ka Zapadu tijekom koje se na\u0161a publika gotovo valjala od smijeha! <\/p><p>Za mene se trogodi\u0161nji studij nastavio i jednogodi\u0161njom stipendijom u Kini zahvaljuju\u0107i kineskom Veleposlanstvu u dogovoru s Katedrom za sinologiju. Tamo sam boravila u gradu poznatom po izvrsnoj kuhinji, pandama i ljutom feferonu, \u010dajanama i hot pot-u. Upoznala sam studente kineskog jezika sa svih kontinenata, a putuju\u0107i po Kini, u prekrasnoj i gostoljubivoj organizaciji profesora s odli\u010dnog Sichuan Sveu\u010dili\u0161ta, i svo bogatstvo &#8211; vizualno, mirisno, zvu\u010dno, okusno &#8211; toliko raznolike kineske kulture.&#8221;<\/p><cite>\u8303\u6f9c\u8bd7<\/cite><\/blockquote>\n\n\n\n<p><\/p>\n\n\n\n<blockquote class=\"wp-block-quote\"><p>&#8220;Strani jezik se mo\u017ee nau\u010diti i tako da mu se naprosto izlo\u017ei\u0161, ali tada ne nau\u010di\u0161 kako on to\u010dno funkcionira. Istovremeno u\u010denje jezika i dubinsko upoznavanje s kineskom povije\u0161\u0107u i kulturom je velika prednost ovog studija nad npr. u\u010denjem kineskog u \u0161koli stranih jezika ili online.&nbsp;<\/p><p>Znanje jest mo\u0107. Mi odavde uop\u0107e ne shva\u0107amo koliko smo zaista evropocentri\u010dni, koliko civilizacijskih dostignu\u0107a i povijesti postoji o kojima ni\u0161ta ne znamo. Koliko razlika, ali i sli\u010dnosti. Pripremanje ispita iz povijesti Kine omogu\u0107ilo mi je nemjerljivo bolje razumijevanje vlastite, evropske povijesti, nego svo (bogato) znanje koje sam stekla prije toga. Poznavanje kineske povijesti i kulture omogu\u0107ilo mi je da mogu kompetentnije pratiti suvremene geopoliti\u010dke trendove i pri\u010de kojima se legitimiraju. <\/p><p>Da bi \u010dovjek stvarno razumio samog sebe mora iza\u0107i iz svog dvori\u0161ta i upoznati svijet, a kineska kultura je ogroman dio tog svijeta, i jedina suvremena kultura koja se suvereno mo\u017ee natjecati sa zapadnom. \u017divjeti danas, a ne se snalaziti s kineskim je jednako ograni\u010davaju\u0107e kao da se ne snalazite s engleskim, bez pretjerivanja.&nbsp;<\/p><p>Kao \u0161to je korisno imati predznanje starogr\u010dkog i latinskog da bismo razumjeli evropsku povijest, filozofiju, znanost i lak\u0161e se sporazumijevali, jednako je tako korisno ne samo snalaziti se s osnovama kineskog, nego poznavati povijest kineskog pisma i filozofije da bismo bolje razumjeli i druge jako utjecajne azijske kulture, kao i suvremenu kinesku kulturu.&nbsp;<\/p><p>U\u010denje jezika koji ima potpuno drugu logiku od indoeuropskih jezika je tako\u0111er jako zanimljivo samo po sebi, poma\u017ee da se \u010dovjek lak\u0161e sna\u0111e u\u010de\u0107i druge jezike, koncepte, da ima ve\u0107u sposobnost imaginacije.&#8221;&nbsp;<\/p><cite>Kaja Ocvirek-Kru\u0161i\u0107<\/cite><\/blockquote>\n\n\n\n<p><\/p>\n\n\n\n<blockquote class=\"wp-block-quote\"><p>&#8220;Zadovoljan sam sa studijem jer mi je pru\u017eio iskustvo koje ne bih mogao ste\u0107i samostalnim u\u010denjem. Kao student filozofije, uz jezik posebno cijenim kolegij Klasi\u010dna kineska filozofija koji mi je pru\u017eio uvid u drugu tradiciju i putem \u010ditanja tekstova na originalu, a kolegij Kineska kultura i civilizacija me zainteresirao i motivirao toliko da sam napisao vlastiti rad na tu temu.&#8221;<\/p><cite>Tvrtko bali\u0107<\/cite><\/blockquote>\n\n\n\n<p><\/p>\n\n\n\n<blockquote class=\"wp-block-quote\"><p>&#8220;Studiranje kineskog jezika otvorilo mi je o\u010di prema jednoj fascinantnoj kulturi i jeziku koji je potpuno razli\u010dit od svega \u0161to sam do sada iskusila. Svaki dan je izazov, ali ujedno i nevjerojatno uzbudljivo putovanje. Ljudi su \u010desto iznena\u0111eni kada \u010duju \u0161to studiram, \u0161to mi daje osje\u0107aj originalnosti i pru\u017ea priliku da budem ambasador ne\u010deg jedinstvenog.<\/p><p>I dok sam jo\u0161 uvijek na po\u010detku tog puta, ve\u0107 vidim kako se otvaraju vrata brojnim mogu\u0107nostima. Biti studentica kineskog zna\u010di imati pristup drugoj najve\u0107oj svjetskoj ekonomiji i to nije samo prilika za budu\u0107u karijeru ve\u0107 i za osobni rast. Kroz studij, otkrivam mnoge stipendije koje mi mogu omogu\u0107iti da putujem, istra\u017eujem i nastavim se obrazovati.<\/p><p>Nisam samo nau\u010dila novi jezik; nau\u010dila sam i o kompleksnosti kineske kulture, \u0161to mi poma\u017ee da pro\u0161irim svoje horizonte i razvijem duboko razumijevanje svijeta oko sebe. No znanje kineskog nije samo akademske prirode, ve\u0107 \u0107e mi pomo\u0107i da se istaknem u bilo kojem podru\u010dju koje odlu\u010dim istra\u017eivati u budu\u0107nosti.&#8221;<\/p><cite>Ana Tomi\u010di\u0107<\/cite><\/blockquote>\n","protected":false},"excerpt":{"rendered":"<p>Iskustva nekada\u0161njih studenata slobodnog studija sinologije koji je ak. god. 2024.\/2025. postao redovni sveu\u010dili\u0161ni prijediplomski studij sinologije: &#8220;Odluka o u\u010denju kineskog jezika dogodila se iz pragmati\u010dnih razloga. \u017deljela sam se izdvojiti od ostalih kolega koji \u0107e zajedno sa mnom tra\u017eiti posao nakon diplome. Nasre\u0107u, vrlo brzo sam zavoljela u\u010diti taj jezik i to me odvelo &hellip; <a href=\"https:\/\/sinologija.ffzg.unizg.hr\/?page_id=1617\" class=\"more-link\">Continue reading <span class=\"screen-reader-text\">Iskustva studenata<\/span> <span class=\"meta-nav\">&rarr;<\/span><\/a><\/p>\n","protected":false},"author":1,"featured_media":0,"parent":0,"menu_order":0,"comment_status":"closed","ping_status":"closed","template":"","meta":[],"_links":{"self":[{"href":"https:\/\/sinologija.ffzg.unizg.hr\/index.php?rest_route=\/wp\/v2\/pages\/1617"}],"collection":[{"href":"https:\/\/sinologija.ffzg.unizg.hr\/index.php?rest_route=\/wp\/v2\/pages"}],"about":[{"href":"https:\/\/sinologija.ffzg.unizg.hr\/index.php?rest_route=\/wp\/v2\/types\/page"}],"author":[{"embeddable":true,"href":"https:\/\/sinologija.ffzg.unizg.hr\/index.php?rest_route=\/wp\/v2\/users\/1"}],"replies":[{"embeddable":true,"href":"https:\/\/sinologija.ffzg.unizg.hr\/index.php?rest_route=%2Fwp%2Fv2%2Fcomments&post=1617"}],"version-history":[{"count":3,"href":"https:\/\/sinologija.ffzg.unizg.hr\/index.php?rest_route=\/wp\/v2\/pages\/1617\/revisions"}],"predecessor-version":[{"id":2716,"href":"https:\/\/sinologija.ffzg.unizg.hr\/index.php?rest_route=\/wp\/v2\/pages\/1617\/revisions\/2716"}],"wp:attachment":[{"href":"https:\/\/sinologija.ffzg.unizg.hr\/index.php?rest_route=%2Fwp%2Fv2%2Fmedia&parent=1617"}],"curies":[{"name":"wp","href":"https:\/\/api.w.org\/{rel}","templated":true}]}}