{"id":1574,"date":"2024-02-27T08:57:57","date_gmt":"2024-02-27T08:57:57","guid":{"rendered":"https:\/\/sinologija.ffzg.unizg.hr\/?page_id=1574"},"modified":"2024-02-27T09:45:32","modified_gmt":"2024-02-27T09:45:32","slug":"diplomski-studij","status":"publish","type":"page","link":"https:\/\/sinologija.ffzg.unizg.hr\/?page_id=1574","title":{"rendered":"Diplomski studij: op\u0107enito i ishodi"},"content":{"rendered":"\n<p>Diplomski dvopredmetni\u00a0sveu\u010dili\u0161ni\u00a0studij sinologije\u00a0traje 2 godine (4 semestara) pri \u010demu je 60 minimalni broj ECTS bodova potrebnih za\u00a0zavr\u0161etak\u00a0studija. Po zavr\u0161etku studija, studenti stje\u010du akademski naziv: magistar\/magistra sinologije (mag. philol. sin.).<\/p>\n\n\n\n<p>Zavr\u0161etkom&nbsp;diplomskog studija sinologije, magistri&nbsp;\u0107e mo\u0107i:<\/p>\n\n\n\n<p>1. koristiti kineski jezik u govoru i pismu na razini B2-C1 prema Europskom referentnom okviru (razina&nbsp;sada\u0161njeg&nbsp;HSK 5-6);<\/p>\n\n\n\n<p>2.&nbsp;\u010ditati, sa\u017eimati&nbsp;i&nbsp;tuma\u010diti&nbsp;tekstove na kineskom jeziku koji pripadaju&nbsp;razli\u010ditim&nbsp;tipovima diskursa i funkcionalnim&nbsp;stilovima;<\/p>\n\n\n\n<p>3. uz&nbsp;fonolo\u0161ku, morfolo\u0161ku, sintakti\u010dku&nbsp;i&nbsp;semanti\u010dku&nbsp;analizu kineskog jezika, razlikovati i&nbsp;sociolingvisti\u010dke,&nbsp;kulturolo\u0161ke&nbsp;i&nbsp;pragmati\u010dke&nbsp;vidove&nbsp;jezi\u010dne uporabe;<\/p>\n\n\n\n<p>4. samostalno prevesti&nbsp;razli\u010dite&nbsp;vrste&nbsp;slo\u017eenih op\u0107ih&nbsp;i&nbsp;stru\u010dnih&nbsp;tekstova s kineskog na hrvatski jezik te&nbsp;op\u0107e&nbsp;i&nbsp;stru\u010dne&nbsp;tekstove srednje razine kompleksnosti s hrvatskog na kineski&nbsp;jezik;<\/p>\n\n\n\n<p>5. primijeniti&nbsp;razli\u010dite prijevodne strategije u&nbsp;rje\u0161avanju&nbsp;prijevodnih problema povezanih s kineskim jezikom te&nbsp;kriti\u010dki&nbsp;koristiti i&nbsp;promi\u0161ljati&nbsp;ulogu umjetne inteligencije i digitalnih alata u&nbsp;prevo\u0111enju;<\/p>\n\n\n\n<p>6. povezati i objasniti temeljne principe pristupa&nbsp;pou\u010davanju&nbsp;kineskog kao stranog&nbsp;jezika;<br>7. osmisliti plan nastavnog sata kineskog kao stranog jezika i samostalno ga provesti u&nbsp;nastavi;<\/p>\n\n\n\n<p>8. identificirati&nbsp;specifi\u010dne&nbsp;elemente kineskih&nbsp;stru\u010dnih&nbsp;i znanstvenih tekstova, povezane s kineskom akademskom tradicijom i praksom te samostalno oblikovati&nbsp;kra\u0107i stru\u010dni&nbsp;rad na kineskom&nbsp;jeziku;<\/p>\n\n\n\n<p>9. demonstrirati temeljna znanja o kineskim filozofijskim&nbsp;\u0161kolama, pripadaju\u0107em&nbsp;pojmovlju i&nbsp;argumentima;<\/p>\n\n\n\n<p>10.&nbsp;primijeniti osnovnu&nbsp;filolo\u0161ku&nbsp;i&nbsp;hermeneuti\u010dku&nbsp;analizu u&nbsp;tuma\u010denju&nbsp;kineskih filozofijskih tekstova te povezati filozofijske teme i pitanja s&nbsp;op\u0107ekulturnim&nbsp;i&nbsp;dru\u0161tvenim sadr\u017eajima;<\/p>\n\n\n\n<p>11.&nbsp;kriti\u010dki prosu\u0111ivati&nbsp;o pojedinim&nbsp;knji\u017eevnim&nbsp;pojavnostima iz kineskog govornog&nbsp;podru\u010dja&nbsp;u odnosu na&nbsp;dru\u0161tveno- povijesni&nbsp;kontekst;<\/p>\n\n\n\n<p>12. analizirati djela kineske knji\u017eevnosti&nbsp;s obzirom na pripadnost&nbsp;odre\u0111enom knji\u017eevnom&nbsp;razdoblju te&nbsp;\u017eanru;<\/p>\n\n\n\n<p>13. komentirati kulturno-povijesne veze&nbsp;izme\u0111u&nbsp;Kine i drugih zemalja&nbsp;Isto\u010dne&nbsp;Azije u predmodernom razdoblju te njihove uzajamne utjecaje i&nbsp;percepcije;<\/p>\n\n\n\n<p>14. koristiti izvore na starokineskom jeziku u&nbsp;prou\u010davanju&nbsp;kineske&nbsp;knji\u017eevnosti,&nbsp;povijesti i filozofije te kulturno- povijesnih veza unutar predmoderne&nbsp;Isto\u010dne Azije;<\/p>\n\n\n\n<p>15.&nbsp;kriti\u010dki&nbsp;primijeniti&nbsp;odre\u0111ene&nbsp;metodologije i teorije u&nbsp;istra\u017eivanju isto\u010dnoazijskih&nbsp;ili&nbsp;me\u0111ukulturnih tema;<\/p>\n\n\n\n<p>16. postaviti pitanja i hipoteze, samostalno prikupiti informacije iz&nbsp;razli\u010ditih&nbsp;izvora, analizirati ih i&nbsp;kriti\u010dki&nbsp;povezati u&nbsp;narativ;<\/p>\n\n\n\n<p>17. napisati diplomski rad,\u00a0po\u0161tuju\u0107i na\u010dela\u00a0akademske etike, na hrvatskom jeziku i usmeno ga prezentirati na hrvatskom, engleskom i kineskom\u00a0jeziku;<\/p>\n\n\n\n<p>18.\u00a0promi\u0161ljati\u00a0o\u00a0razli\u010ditim\u00a0kulturama i\u00a0me\u0111ukulturnim\u00a0procesima izvan okvira\u00a0eurocentri\u010dnog\u00a0poimanja\u00a0svijeta;\u00a0<\/p>\n\n\n\n<p>19.\u00a0u\u010dinkovito,\u00a0jasno i argumentirano se izraziti u govoru i pismu te u komunikaciji s\u00a0drugima;<\/p>\n\n\n\n<p>20.\u00a0koristiti se raznim digitalnim alatima.<\/p>\n","protected":false},"excerpt":{"rendered":"<p>Diplomski dvopredmetni\u00a0sveu\u010dili\u0161ni\u00a0studij sinologije\u00a0traje 2 godine (4 semestara) pri \u010demu je 60 minimalni broj ECTS bodova potrebnih za\u00a0zavr\u0161etak\u00a0studija. Po zavr\u0161etku studija, studenti stje\u010du akademski naziv: magistar\/magistra sinologije (mag. philol. sin.). Zavr\u0161etkom&nbsp;diplomskog studija sinologije, magistri&nbsp;\u0107e mo\u0107i: 1. koristiti kineski jezik u govoru i pismu na razini B2-C1 prema Europskom referentnom okviru (razina&nbsp;sada\u0161njeg&nbsp;HSK 5-6); 2.&nbsp;\u010ditati, sa\u017eimati&nbsp;i&nbsp;tuma\u010diti&nbsp;tekstove na kineskom &hellip; <a href=\"https:\/\/sinologija.ffzg.unizg.hr\/?page_id=1574\" class=\"more-link\">Continue reading <span class=\"screen-reader-text\">Diplomski studij: op\u0107enito i ishodi<\/span> <span class=\"meta-nav\">&rarr;<\/span><\/a><\/p>\n","protected":false},"author":1,"featured_media":0,"parent":0,"menu_order":0,"comment_status":"closed","ping_status":"closed","template":"","meta":[],"_links":{"self":[{"href":"https:\/\/sinologija.ffzg.unizg.hr\/index.php?rest_route=\/wp\/v2\/pages\/1574"}],"collection":[{"href":"https:\/\/sinologija.ffzg.unizg.hr\/index.php?rest_route=\/wp\/v2\/pages"}],"about":[{"href":"https:\/\/sinologija.ffzg.unizg.hr\/index.php?rest_route=\/wp\/v2\/types\/page"}],"author":[{"embeddable":true,"href":"https:\/\/sinologija.ffzg.unizg.hr\/index.php?rest_route=\/wp\/v2\/users\/1"}],"replies":[{"embeddable":true,"href":"https:\/\/sinologija.ffzg.unizg.hr\/index.php?rest_route=%2Fwp%2Fv2%2Fcomments&post=1574"}],"version-history":[{"count":3,"href":"https:\/\/sinologija.ffzg.unizg.hr\/index.php?rest_route=\/wp\/v2\/pages\/1574\/revisions"}],"predecessor-version":[{"id":1593,"href":"https:\/\/sinologija.ffzg.unizg.hr\/index.php?rest_route=\/wp\/v2\/pages\/1574\/revisions\/1593"}],"wp:attachment":[{"href":"https:\/\/sinologija.ffzg.unizg.hr\/index.php?rest_route=%2Fwp%2Fv2%2Fmedia&parent=1574"}],"curies":[{"name":"wp","href":"https:\/\/api.w.org\/{rel}","templated":true}]}}