{"id":1083,"date":"2023-11-08T09:19:21","date_gmt":"2023-11-08T09:19:21","guid":{"rendered":"https:\/\/sinologija.ffzg.unizg.hr\/?page_id=1083"},"modified":"2025-10-01T15:33:42","modified_gmt":"2025-10-01T15:33:42","slug":"postupak-dobivanja-certifikata","status":"publish","type":"page","link":"https:\/\/sinologija.ffzg.unizg.hr\/?page_id=1083","title":{"rendered":"Postupak dobivanja certifikata"},"content":{"rendered":"\n<p>Nakon polo\u017eenih svih obveznih i 6 izbornih kolegija te redovitih upisa u vi\u0161i semestar, studenti slobodnog studija sinologije dobivaju certifikat na hrvatskom, engleskom i kineskom jeziku u kojemu su nazna\u010deni svi polo\u017eeni kolegiji te ukupan prosjek ocjena. <\/p>\n\n\n\n<p>Kako bi dobili certifikat, studenti trebaju ispuniti Potvrdu o polo\u017eenim ispitima (koju nakon uvida u presliku indeksa potpisuje nadle\u017ena osoba s Katedre za sinologiju) i Molbu za izdavanje certifikata (koju potpisuje student) te sve poslati na e-mail adresu igubic@ffzg.hr.<\/p>\n\n\n\n<div class=\"wp-block-file\"><a href=\"https:\/\/sinologija.ffzg.unizg.hr\/wp-content\/uploads\/2023\/11\/Potvrda-i-molba-za-certifikat-1.pdf\">Potvrda i molba za certifikat<\/a><a href=\"https:\/\/sinologija.ffzg.unizg.hr\/wp-content\/uploads\/2023\/11\/Potvrda-i-molba-za-certifikat-1.pdf\" class=\"wp-block-file__button\" download>Download<\/a><\/div>\n","protected":false},"excerpt":{"rendered":"<p>Nakon polo\u017eenih svih obveznih i 6 izbornih kolegija te redovitih upisa u vi\u0161i semestar, studenti slobodnog studija sinologije dobivaju certifikat na hrvatskom, engleskom i kineskom jeziku u kojemu su nazna\u010deni svi polo\u017eeni kolegiji te ukupan prosjek ocjena. Kako bi dobili certifikat, studenti trebaju ispuniti Potvrdu o polo\u017eenim ispitima (koju nakon uvida u presliku indeksa potpisuje &hellip; <a href=\"https:\/\/sinologija.ffzg.unizg.hr\/?page_id=1083\" class=\"more-link\">Continue reading <span class=\"screen-reader-text\">Postupak dobivanja certifikata<\/span> <span class=\"meta-nav\">&rarr;<\/span><\/a><\/p>\n","protected":false},"author":1,"featured_media":0,"parent":0,"menu_order":0,"comment_status":"closed","ping_status":"closed","template":"","meta":[],"_links":{"self":[{"href":"https:\/\/sinologija.ffzg.unizg.hr\/index.php?rest_route=\/wp\/v2\/pages\/1083"}],"collection":[{"href":"https:\/\/sinologija.ffzg.unizg.hr\/index.php?rest_route=\/wp\/v2\/pages"}],"about":[{"href":"https:\/\/sinologija.ffzg.unizg.hr\/index.php?rest_route=\/wp\/v2\/types\/page"}],"author":[{"embeddable":true,"href":"https:\/\/sinologija.ffzg.unizg.hr\/index.php?rest_route=\/wp\/v2\/users\/1"}],"replies":[{"embeddable":true,"href":"https:\/\/sinologija.ffzg.unizg.hr\/index.php?rest_route=%2Fwp%2Fv2%2Fcomments&post=1083"}],"version-history":[{"count":5,"href":"https:\/\/sinologija.ffzg.unizg.hr\/index.php?rest_route=\/wp\/v2\/pages\/1083\/revisions"}],"predecessor-version":[{"id":2720,"href":"https:\/\/sinologija.ffzg.unizg.hr\/index.php?rest_route=\/wp\/v2\/pages\/1083\/revisions\/2720"}],"wp:attachment":[{"href":"https:\/\/sinologija.ffzg.unizg.hr\/index.php?rest_route=%2Fwp%2Fv2%2Fmedia&parent=1083"}],"curies":[{"name":"wp","href":"https:\/\/api.w.org\/{rel}","templated":true}]}}